41 a composite number?
False
Is 29947 composite?
False
Is 170099 a composite number?
False
Is 15661 a prime number?
True
Is 8887 composite?
False
Is 2657 a prime number?
True
Is 2784655 prime?
False
Is 114221 a composite number?
False
Is 51791 a composite number?
True
Is 278923 a composite number?
True
Is 24121 prime?
True
Is 14793 composite?
True
Is 114263 a composite number?
True
Is 1304639 composite?
True
Is 2939 a composite number?
False
Is 3299 a composite number?
False
Is 104579 a composite number?
False
Is 398789 a composite number?
True
Is 7653565 composite?
True
Is 24965 prime?
False
Is 21799 prime?
True
Is 6563 composite?
False
Is 363217 prime?
True
Is 266753 a composite number?
True
Is 66221 prime?
True
Is 797 composite?
False
Is 6121 composite?
False
Is 8351 prime?
False
Is 4711 a prime number?
False
Is 1614307 composite?
False
Is 209123 a composite number?
False
Is 3430857 prime?
False
Is 28027 prime?
True
Is 42909 composite?
True
Is 4333 a composite number?
True
Is 2789 composite?
False
Is 2387783 prime?
False
Is 30713 prime?
True
Is 626993 prime?
False
Is 478267 prime?
False
Is 73741 composite?
True
Is 256391 prime?
True
Is 1159295 a prime number?
False
Is 41011 a prime number?
True
Is 5671 composite?
True
Is 76763 composite?
True
Is 2634461 composite?
False
Is 152417 composite?
False
Is 3593 a composite number?
False
Is 467431 composite?
False
Is 35285 a prime number?
False
Is 573641 composite?
True
Is 589319 prime?
False
Is 153247 a prime number?
True
Is 5065 prime?
False
Is 4421 a composite number?
False
Is 205381 prime?
False
Is 2171 prime?
False
Is 7747 composite?
True
Is 1931 a prime number?
True
Is 172166 composite?
True
Is 60745 composite?
True
Is 12097 a composite number?
False
Is 148999 composite?
True
Is 106087 composite?
False
Is 39977 a prime number?
False
Is 557 prime?
True
Is 43465 composite?
True
Is 177301 a composite number?
False
Is 12689 a composite number?
False
Is 52433 composite?
False
Is 3589 composite?
True
Is 26797 a prime number?
False
Is 25739 a composite number?
True
Is 99523 a prime number?
True
Is 58027 a composite number?
False
Is 382273 composite?
True
Is 136393 composite?
False
Is 158051 composite?
True
Is 50257 a prime number?
False
Is 191 prime?
True
Is 44809 a composite number?
False
Is 90033 prime?
False
Is 263537 a prime number?
True
Is 321 a prime number?
False
Is 745 composite?
True
Is 5349671 composite?
False
Is 647261 composite?
False
Is 25399 a composite number?
True
Is 32405 a composite number?
True
Is 158531 a prime number?
False
Is 2635583 a prime number?
True
Is 3787 prime?
False
Is 86023 composite?
True
Is 937121 composite?
False
Is 355751 a prime number?
False
Is 343967 prime?
False
Is 73527 prime?
False
Is 12191 prime?
False
Is 15641 prime?
True
Is 663382 composite?
True
Is 1151717 a composite number?
True
Is 21557 prime?
True
Is 4791 a composite number?
True
Is 44789 a composite number?
False
Is 1228567 a composite number?
False
Is 3991 a prime number?
False
Is 1477 composite?
True
Is 77381 a composite number?
True
Is 18041 a prime number?
True
Is 138311 composite?
False
Is 889 prime?
False
Is 37651 a prime number?
False
Is 13603 composite?
True
Is 1333483 a prime number?
True
Is 340751 prime?
False
Is 2017901 prime?
True
Is 180793 a composite number?
False
Is 8083 prime?
False
Is 2038 prime?
False
Is 235861 prime?
False
Is 210179 a prime number?
False
Is 14419 composite?
False
Is 79139 composite?
False
Is 1972193 prime?
False
Is 1550783 a composite number?
True
Is 2138 prime?
False
Is 10687 prime?
True
Is 2761 prime?
False
Is 152245 composite?
True
Is 3641 composite?
True
Is 686267 a composite number?
False
Is 93229 composite?
False
Is 585517 a composite number?
False
Is 18893 a prime number?
False
Is 9813 prime?
False
Is 74071 composite?
False
Is 887 a composite number?
False
Is 3641 a prime number?
False
Is 194965 prime?
False
Is 1260971 prime?
True
Is 1315 a prime number?
False
Is 20027 a composite number?
True
Is 44669 a prime number?
False
Is 10893 a composite number?
True
Is 391789 prime?
True
Is 133649 composite?
False
Is 2059537 a prime number?
True
Is 113143 composite?
False
Is 48427 prime?
False
Is 156797 composite?
False
Is 49139 composite?
False
Is 2389 composite?
False
Is 3821 a prime number?
True
Is 126107 a composite number?
False
Is 40646 composite?
True
Is 67723 a composite number?
False
Is 9509 prime?
False
Is 23423 prime?
False
Is 89153 a composite number?
False
Is 2368147 prime?
False
Is 89753 composite?
False
Is 413 a composite number?
True
Is 77557 composite?
False
Is 10331 a composite number?
False
Is 63005 a prime number?
False
Is 79267 a prime number?
False
Is 48562 prime?
False
Is 44617 a composite number?
False
Is 3277 a prime number?
False
Is 67103 prime?
True
Is 23701 a prime number?
False
Is 458903 prime?
False
Is 27611 a composite number?
False
Is 7663 composite?
True
Is 25561 a composite number?
False
Is 51713 a prime number?
True
Is 547007 composite?
False
Is 68261 a prime number?
True
Is 162154 prime?
False
Is 874141 composite?
True
Is 15947 composite?
True
Is 659639 a composite number?
False
Is 149459 a composite number?
False
Is 111427 prime?
True
Is 1135061 composite?
False
Is 13963 a composite number?
False
Is 749 prime?
False
Is 2203 prime?
True
Is 91621 a composite number?
False
Is 45923 a prime number?
False
Is 1227 prime?
False
Is 3622 a prime number?
False
Is 4111 a composite number?
False
Is 469229 composite?
False
Is 913 a composite number?
True
Is 137327 a prime number?
False
Is 8497153 a composite number?
True
Is 1698943 a prime number?
True
Is 4083 composite?
True
Is 405079 prime?
False
Is 130514 prime?
False
Is 20593 prime?
True
Is 67091 prime?
False
Is 5317 a composite number?
True
Is 244889 composite?
False
Is 91781 a composite number?
False
Is 16097 prime?
True
Is 79903 prime?
True
Is 120527 composite?
True
Is 14131 prime?
False
Is 61403 a prime number?
True
Is 18229 composite?
False
Is 120473 a prime number?
True
Is 4547 prime?
True
Is 81919 composite?
False
Is 5333 composite?
False
Is 46301 a prime number?
True
Is 274865 composite?
True
Is 16319 prime?
True
Is 1259 composite?
False
Is 1210193 a composite number?
False
Is 1409 prime?
True
Is 38719 a prime number?
False
Is 10597 a composite number?
False
Is 8287 a prime number?
True
Is 60487 prime?
False
Is 12598 composite?
True
Is 25697 a prime number?
False
Is 360883 a composite number?
True
Is 41491 a composite number?
False
Is 736249 a prime number?
True
Is 244109 a composite number?
False
Is 189467 a prime number?
True
Is 94027 a composite number?
True
Is 845717 a prime number?
True
Is 15434 composite?
True
Is 94429 a composite number?
True
Is 877 composite?
False
Is 24359 prime?
True
Is 105883 a prime number?
True
Is 317483 prime?
True
Is 15119 a prime number?
False
Is 98297 a prime number?
True
Is 3199 a prime number?
False
Is 37429 composite?
True
Is 52627 a composite number?
False
Is 59333 a prime number?
True
Is 6731 a composite number?
True
Is 4807241 a composite number?
False
Is 265943 a composite number?
True
Is 62563 a composite number?
False
Is 7561 prime?
True
Is 37841 prime?
False
Is 13349 a prime number?
False
Is 145771 composite?
False
Is 32327 a composite number?
False
Is 290317 prime?
True
Is 333499 a prime number?
False
Is 382706 a prime number?
False
Is 126703 composite?
False
Is 369931 a prime number?
False
Is 10307 a composite number?
True
Is 13093 prime?
True
Is 739 a composite number?
False
Is 41443 prime?
True
Is 29473 a prime number?
True
Is 243213 a composite number?
True
Is 82459 prime?
False
Is 4151 composite?
True
Is 146777 composite?
False
Is 3198155 composite?
True
Is 24193 prime?
False
Is 1154417 a composite number?
True
Is 262853 a composite number?
False
Is 243259 prime?
True
Is 713719 prime?
False
Is 2737711 a composite number?
True
Is 605461 a composite number?
True
Is 5087 prime?
True
Is 1522063 composite?
False
Is 1073 prime?
False
Is 94 a prime number?
False
Is 361637 a prime number?
True
Is 88207 prime?
False
Is 244939 prime?
True
Is 9611 prime?
False
Is 5561 a composite number?
True
Is 179897 prime?
True
Is 519 a prime number?
False
Is 2818817 prime?
True
Is 5926 composite?
True
Is 6609 composite?
True
Is 23597 a composite numb